e
Does 290 divide 5532910?
True
Does 139 divide 1305187?
False
Is 924749 a multiple of 323?
True
Is 231472 a multiple of 14?
False
Is 3356077 a multiple of 622?
False
Is 74698 a multiple of 13?
True
Is 11309400 a multiple of 36?
True
Is 4 a factor of 31924?
True
Does 17 divide 3287314?
False
Is 1034 a factor of 30660658?
False
Is 5925455 a multiple of 4?
False
Is 12330516 a multiple of 109?
True
Does 25 divide 216591?
False
Does 240 divide 3222203?
False
Is 355350 a multiple of 46?
True
Does 162 divide 125202?
False
Is 13 a factor of 280010?
False
Is 13 a factor of 174165?
False
Is 1271682 a multiple of 129?
True
Is 114372 a multiple of 28?
False
Is 2134186 a multiple of 189?
False
Does 12 divide 2191800?
True
Is 166037 a multiple of 192?
False
Does 26 divide 191022?
True
Is 39 a factor of 679969?
False
Is 245870 a multiple of 115?
True
Is 3169562 a multiple of 22?
True
Does 25 divide 2293100?
True
Is 45696 a multiple of 8?
True
Does 217 divide 246780?
False
Does 9 divide 2451969?
True
Is 21985860 a multiple of 130?
True
Does 40 divide 2413492?
False
Is 2 a factor of 35379?
False
Does 41 divide 1313804?
True
Does 301 divide 94213?
True
Is 96228 a multiple of 81?
True
Is 165759 a multiple of 7?
False
Does 29 divide 116000?
True
Is 6 a factor of 472492?
False
Is 12 a factor of 99888?
True
Is 183 a factor of 7990878?
True
Is 15 a factor of 42480?
True
Is 350240 a multiple of 10?
True
Does 19 divide 277682?
False
Is 2 a factor of 76433?
False
Is 172322 a multiple of 3?
False
Is 163 a factor of 229015?
True
Is 464 a factor of 1793824?
True
Is 25491 a multiple of 3?
True
Is 110 a factor of 580293?
False
Does 229 divide 783409?
True
Does 127 divide 9399210?
False
Is 1317 a factor of 15757905?
True
Does 75 divide 3793911?
False
Is 2109030 a multiple of 30?
True
Is 714499 a multiple of 98?
False
Is 2634021 a multiple of 234?
False
Does 325 divide 2230979?
False
Does 197 divide 71314?
True
Does 8 divide 46884?
False
Does 73 divide 184106?
True
Is 760302 a multiple of 142?
False
Is 293 a factor of 1471739?
True
Is 1409162 a multiple of 35?
False
Does 498 divide 1382946?
True
Is 4127396 a multiple of 322?
True
Does 9 divide 201321?
True
Does 67 divide 199928?
True
Does 353 divide 239506?
False
Does 7 divide 90043?
False
Does 105 divide 17332?
False
Does 20 divide 5388500?
True
Is 22 a factor of 196281?
False
Is 166848 a multiple of 9?
False
Is 495 a factor of 11568645?
True
Is 325 a factor of 1410500?
True
Does 19 divide 224159?
False
Does 54 divide 45900?
True
Is 2 a factor of 30296?
True
Is 33 a factor of 531630?
True
Does 35 divide 167195?
True
Does 47 divide 730568?
True
Does 65 divide 64025?
True
Is 5723177 a multiple of 114?
False
Is 321103 a multiple of 154?
False
Does 105 divide 968714?
False
Does 1292 divide 15660791?
False
Does 40 divide 474280?
True
Does 128 divide 2990577?
False
Is 109 a factor of 321223?
True
Is 2794992 a multiple of 12?
True
Is 46 a factor of 25944?
True
Does 20 divide 172859?
False
Does 17 divide 1743?
False
Is 437318 a multiple of 85?
False
Is 142 a factor of 35926?
True
Is 143 a factor of 94141?
False
Does 92 divide 8254976?
True
Does 6 divide 10278?
True
Does 1336 divide 20016368?
False
Does 605 divide 19496863?
False
Is 22688516 a multiple of 32?
False
Is 14002428 a multiple of 132?
True
Does 478 divide 1702647?
False
Is 381784 a multiple of 3?
False
Does 60 divide 314564?
False
Does 212 divide 623068?
True
Does 5 divide 77666?
False
Is 291 a factor of 115353?
False
Is 12 a factor of 151512?
True
Is 1087098 a multiple of 95?
False
Is 44288 a multiple of 45?
False
Is 24 a factor of 453216?
True
Is 109 a factor of 615847?
False
Is 7875449 a multiple of 332?
False
Does 245 divide 9476625?
False
Is 8591096 a multiple of 200?
False
Does 18 divide 54430?
False
Is 83793 a multiple of 53?
True
Is 32 a factor of 13132?
False
Is 667029 a multiple of 451?
True
Is 133 a factor of 196707?
True
Is 2 a factor of 6589?
False
Is 838062 a multiple of 18?
True
Is 1703625 a multiple of 375?
True
Is 62322 a multiple of 282?
True
Is 158 a factor of 54205?
False
Is 2220 a multiple of 8?
False
Does 81 divide 417580?
False
Does 17 divide 32419?
True
Is 253776 a multiple of 129?
False
Is 38627 a multiple of 19?
True
Is 4 a factor of 22834?
False
Does 23 divide 1017813?
False
Is 325965 a multiple of 15?
True
Is 10 a factor of 241755?
False
Is 362 a factor of 340230?
False
Is 34543 a multiple of 6?
False
Does 146 divide 219584?
True
Is 28 a factor of 3256?
False
Is 75563 a multiple of 5?
False
Does 2 divide 87728?
True
Is 468 a factor of 1370772?
True
Is 1331 a factor of 6109290?
True
Is 87 a factor of 7000020?
True
Does 27 divide 74170?
False
Does 369 divide 8027168?
False
Is 20 a factor of 12113325?
False
Is 851 a factor of 4112032?
True
Does 641 divide 2901166?
True
Is 16 a factor of 192443?
False
Does 15 divide 138420?
True
Is 936375 a multiple of 235?
False
Does 40 divide 19230?
False
Does 2 divide 10921?
False
Does 72 divide 140477?
False
Is 176045 a multiple of 8?
False
Does 1317 divide 2907090?
False
Does 346 divide 636640?
True
Does 86 divide 413352?
False
Does 235 divide 498134?
False
Does 553 divide 4674524?
False
Is 45 a factor of 1864485?
True
Is 261974 a multiple of 68?
False
Does 30 divide 988274?
False
Is 62 a factor of 2730944?
False
Does 50 divide 345145?
False
Is 27 a factor of 457002?
True
Is 24 a factor of 31204?
False
Is 69 a factor of 292905?
True
Is 976142 a multiple of 46?
False
Does 100 divide 1594600?
True
Is 161 a factor of 236026?
True
Does 144 divide 516816?
True
Is 1917648 a multiple of 36?
True
Is 34 a factor of 26339?
False
Is 3955650 a multiple of 25?
True
Is 1634237 a multiple of 265?
False
Does 4 divide 11412000?
True
Is 104 a factor of 1600682?
False
Is 851080 a multiple of 8?
True
Does 379 divide 25859928?
True
Is 37225 a multiple of 5?
True
Is 200579 a multiple of 5?
False
Does 359 divide 299047?
True
Is 44 a factor of 689700?
True
Does 24 divide 2542799?
False
Is 39 a factor of 159169?
False
Is 6 a factor of 7813?
False
Is 906 a factor of 387528?
False
Does 148 divide 1215820?
True
Does 129 divide 6772?
False
Is 71 a factor of 271504?
True
Does 31 divide 2176477?
False
Does 238 divide 228718?
True
Is 43776 a multiple of 12?
True
Is 381687 a multiple of 65?
False
Is 9262769 a multiple of 1875?
False
Is 9819888 a multiple of 22?
False
Is 151 a factor of 1213738?
True
Is 16964 a multiple of 62?
False
Does 145 divide 204680?
False
Is 150 a factor of 186450?
True
Is 5 a factor of 483050?
True
Does 185 divide 4920136?
False
Does 14 divide 423937?
False
Does 70 divide 203350?
True
Is 59475 a multiple of 59?
False
Does 639 divide 11209338?
True
Does 4 divide 80192?
True
Is 162 a factor of 433512?
True
Does 13 divide 421137?
False
Does 355 divide 1209485?
True
Is 221960 a multiple of 10?
True
Is 37504 a multiple of 3?
False
Is 315351 even?
False
Does 339 divide 2644200?
True
Is 12412 a multiple of 58?
True
Is 1221944 a multiple of 58?
True
Is 17 a factor of 1185716?
True
Is 366262 a multiple of 42?
False
Is 680203 a multiple of 15?
False
Is 256947 a multiple of 62?
False
Is 2797933 a multiple of 3?
False
Does 25 divide 643025?
True
Does 366 divide 6407995?
False
Does 71 divide 91822?
False
Is 43 a factor of 10305635?
False
Is 572242 a multiple of 209?
True
Is 800 a factor of 16605842?
False
Does 13 divide 540751?
False
Is 62 a factor of 626982?
False
Is 1147350 a multiple of 12?
False
Is 234964 a multiple of 225?
False
Does 3 divide 2690?
False
Is 4784290 a multiple of 41?
True
Is 676 a factor of 7211568?
True
Is 62 a factor of 16473710?
True
Does 13 divide 7851267?
False
Does 51 divide 124235?
False
Is 3160187 a multiple of 56?
False
Does 58 divide 310358?
True
Is 13 a factor of 24512787?
True
Is 37128 a multiple of 21?
True
Does 83 divide 2363833?
False
Does 5 divide 119286?
False
Does 37 divide 434787?
True
Does 31 divide 579062?
False
Is 18 a factor of 414651?
False
Is 1271066 a multiple of 263?
False
Is 11 a factor of 10395?
True
Does 11 divide 264704?
True
Does 1250 divide 24153750?
True
Does 52 divide 137488?
True
Is 1597337 a multiple of 5?
False
Is 313 a factor of 1756441?
False
Is 373917 a multiple of 406?
False
Does 99 divide 479853?
True
Is 3 a factor of 681209?
False
Does 357 divide 1046885?
False
D